{"id":450,"date":"2022-04-05T23:16:40","date_gmt":"2022-04-06T04:16:40","guid":{"rendered":"https:\/\/csc.gob.ec\/WEB\/?page_id=450"},"modified":"2023-06-21T15:24:43","modified_gmt":"2023-06-21T20:24:43","slug":"planificacion","status":"publish","type":"page","link":"https:\/\/csc.gob.ec\/WEB\/planificacion\/","title":{"rendered":"Planificaci\u00f3n"},"content":{"rendered":"\t\t<div data-elementor-type=\"wp-page\" data-elementor-id=\"450\" class=\"elementor elementor-450\">\n\t\t\t\t\t\t<section class=\"elementor-section elementor-top-section elementor-element elementor-element-7f001f2f elementor-section-height-min-height elementor-section-boxed elementor-section-height-default elementor-section-items-middle\" data-id=\"7f001f2f\" data-element_type=\"section\">\n\t\t\t\t\t\t\t<div class=\"elementor-background-overlay\"><\/div>\n\t\t\t\t\t\t\t<div class=\"elementor-container elementor-column-gap-default\">\n\t\t\t\t\t<div class=\"elementor-column elementor-col-100 elementor-top-column elementor-element elementor-element-71eb9141\" data-id=\"71eb9141\" data-element_type=\"column\">\n\t\t\t<div class=\"elementor-widget-wrap elementor-element-populated\">\n\t\t\t\t\t\t<section class=\"elementor-section elementor-inner-section elementor-element elementor-element-621fd196 elementor-section-boxed elementor-section-height-default elementor-section-height-default\" data-id=\"621fd196\" data-element_type=\"section\">\n\t\t\t\t\t\t<div class=\"elementor-container elementor-column-gap-default\">\n\t\t\t\t\t<div class=\"elementor-column elementor-col-50 elementor-inner-column elementor-element elementor-element-13a4f385\" data-id=\"13a4f385\" data-element_type=\"column\">\n\t\t\t<div class=\"elementor-widget-wrap elementor-element-populated\">\n\t\t\t\t\t\t<div class=\"elementor-element elementor-element-6b67a3e1 elementor-widget-mobile__width-initial elementor-widget elementor-widget-heading\" data-id=\"6b67a3e1\" data-element_type=\"widget\" data-settings=\"{&quot;ekit_we_effect_on&quot;:&quot;none&quot;}\" data-widget_type=\"heading.default\">\n\t\t\t\t<div class=\"elementor-widget-container\">\n\t\t\t<style>\/*! elementor - v3.21.0 - 26-05-2024 *\/\n.elementor-heading-title{padding:0;margin:0;line-height:1}.elementor-widget-heading .elementor-heading-title[class*=elementor-size-]>a{color:inherit;font-size:inherit;line-height:inherit}.elementor-widget-heading .elementor-heading-title.elementor-size-small{font-size:15px}.elementor-widget-heading .elementor-heading-title.elementor-size-medium{font-size:19px}.elementor-widget-heading .elementor-heading-title.elementor-size-large{font-size:29px}.elementor-widget-heading .elementor-heading-title.elementor-size-xl{font-size:39px}.elementor-widget-heading .elementor-heading-title.elementor-size-xxl{font-size:59px}<\/style><h2 class=\"elementor-heading-title elementor-size-default\">PLANIFICACI\u00d3N<\/h2>\t\t<\/div>\n\t\t\t\t<\/div>\n\t\t\t\t\t<\/div>\n\t\t<\/div>\n\t\t\t\t<div class=\"elementor-column elementor-col-50 elementor-inner-column elementor-element elementor-element-704104aa\" data-id=\"704104aa\" data-element_type=\"column\">\n\t\t\t<div class=\"elementor-widget-wrap\">\n\t\t\t\t\t\t\t<\/div>\n\t\t<\/div>\n\t\t\t\t\t<\/div>\n\t\t<\/section>\n\t\t\t\t\t<\/div>\n\t\t<\/div>\n\t\t\t\t\t<\/div>\n\t\t<\/section>\n\t\t\t\t<section class=\"elementor-section elementor-top-section elementor-element elementor-element-482fe30d elementor-section-boxed elementor-section-height-default elementor-section-height-default\" data-id=\"482fe30d\" data-element_type=\"section\" data-settings=\"{&quot;background_background&quot;:&quot;gradient&quot;}\">\n\t\t\t\t\t\t<div class=\"elementor-container elementor-column-gap-default\">\n\t\t\t\t\t<div class=\"elementor-column elementor-col-33 elementor-top-column elementor-element elementor-element-1059e66a\" data-id=\"1059e66a\" data-element_type=\"column\">\n\t\t\t<div class=\"elementor-widget-wrap elementor-element-populated\">\n\t\t\t\t\t\t<div class=\"elementor-element elementor-element-6bba51cc elementor-align-center elementor-mobile-align-left elementor-widget elementor-widget-button\" data-id=\"6bba51cc\" data-element_type=\"widget\" data-settings=\"{&quot;ekit_we_effect_on&quot;:&quot;none&quot;}\" data-widget_type=\"button.default\">\n\t\t\t\t<div class=\"elementor-widget-container\">\n\t\t\t\t\t<div class=\"elementor-button-wrapper\">\n\t\t\t<a class=\"elementor-button elementor-button-link elementor-size-sm\" href=\"#dire\">\n\t\t\t\t\t\t<span class=\"elementor-button-content-wrapper\">\n\t\t\t\t\t\t\t\t\t<span class=\"elementor-button-text\">LA CORDINACI\u00d3N <\/span>\n\t\t\t\t\t<\/span>\n\t\t\t\t\t<\/a>\n\t\t<\/div>\n\t\t\t\t<\/div>\n\t\t\t\t<\/div>\n\t\t\t\t\t<\/div>\n\t\t<\/div>\n\t\t\t\t<div class=\"elementor-column elementor-col-33 elementor-top-column elementor-element elementor-element-65b91c65\" data-id=\"65b91c65\" data-element_type=\"column\">\n\t\t\t<div class=\"elementor-widget-wrap elementor-element-populated\">\n\t\t\t\t\t\t<div class=\"elementor-element elementor-element-1dfe5c30 elementor-align-center elementor-widget elementor-widget-button\" data-id=\"1dfe5c30\" data-element_type=\"widget\" data-settings=\"{&quot;ekit_we_effect_on&quot;:&quot;none&quot;}\" data-widget_type=\"button.default\">\n\t\t\t\t<div class=\"elementor-widget-container\">\n\t\t\t\t\t<div class=\"elementor-button-wrapper\">\n\t\t\t<a class=\"elementor-button elementor-button-link elementor-size-sm\" href=\"#PROYE\">\n\t\t\t\t\t\t<span class=\"elementor-button-content-wrapper\">\n\t\t\t\t\t\t\t\t\t<span class=\"elementor-button-text\">PROYECTOS<\/span>\n\t\t\t\t\t<\/span>\n\t\t\t\t\t<\/a>\n\t\t<\/div>\n\t\t\t\t<\/div>\n\t\t\t\t<\/div>\n\t\t\t\t\t<\/div>\n\t\t<\/div>\n\t\t\t\t<div class=\"elementor-column elementor-col-33 elementor-top-column elementor-element elementor-element-3dcf2a92\" data-id=\"3dcf2a92\" data-element_type=\"column\">\n\t\t\t<div class=\"elementor-widget-wrap elementor-element-populated\">\n\t\t\t\t\t\t<div class=\"elementor-element elementor-element-1d81b887 elementor-align-center elementor-mobile-align-right elementor-widget elementor-widget-button\" data-id=\"1d81b887\" data-element_type=\"widget\" data-settings=\"{&quot;ekit_we_effect_on&quot;:&quot;none&quot;}\" data-widget_type=\"button.default\">\n\t\t\t\t<div class=\"elementor-widget-container\">\n\t\t\t\t\t<div class=\"elementor-button-wrapper\">\n\t\t\t<a class=\"elementor-button elementor-button-link elementor-size-sm\" href=\"#ACTI\">\n\t\t\t\t\t\t<span class=\"elementor-button-content-wrapper\">\n\t\t\t\t\t\t\t\t\t<span class=\"elementor-button-text\">ACTIVIDADES <\/span>\n\t\t\t\t\t<\/span>\n\t\t\t\t\t<\/a>\n\t\t<\/div>\n\t\t\t\t<\/div>\n\t\t\t\t<\/div>\n\t\t\t\t\t<\/div>\n\t\t<\/div>\n\t\t\t\t\t<\/div>\n\t\t<\/section>\n\t\t\t\t<section class=\"elementor-section elementor-top-section elementor-element elementor-element-39dba948 elementor-section-boxed elementor-section-height-default elementor-section-height-default\" data-id=\"39dba948\" data-element_type=\"section\" id=\"dire\">\n\t\t\t\t\t\t<div class=\"elementor-container elementor-column-gap-default\">\n\t\t\t\t\t<div class=\"elementor-column elementor-col-100 elementor-top-column elementor-element elementor-element-5ed04ca5\" data-id=\"5ed04ca5\" data-element_type=\"column\">\n\t\t\t<div class=\"elementor-widget-wrap elementor-element-populated\">\n\t\t\t\t\t\t<div class=\"elementor-element elementor-element-15ce326 elementor-widget elementor-widget-heading\" data-id=\"15ce326\" data-element_type=\"widget\" data-settings=\"{&quot;ekit_we_effect_on&quot;:&quot;none&quot;}\" data-widget_type=\"heading.default\">\n\t\t\t\t<div class=\"elementor-widget-container\">\n\t\t\t<h2 class=\"elementor-heading-title elementor-size-default\">LA CORDINACI\u00d3N<\/h2>\t\t<\/div>\n\t\t\t\t<\/div>\n\t\t\t\t<div class=\"elementor-element elementor-element-65b5ed92 dire elementor-widget elementor-widget-text-editor\" data-id=\"65b5ed92\" data-element_type=\"widget\" id=\"dire\" data-settings=\"{&quot;ekit_we_effect_on&quot;:&quot;none&quot;}\" data-widget_type=\"text-editor.default\">\n\t\t\t\t<div class=\"elementor-widget-container\">\n\t\t\t<style>\/*! elementor - v3.21.0 - 26-05-2024 *\/\n.elementor-widget-text-editor.elementor-drop-cap-view-stacked .elementor-drop-cap{background-color:#69727d;color:#fff}.elementor-widget-text-editor.elementor-drop-cap-view-framed .elementor-drop-cap{color:#69727d;border:3px solid;background-color:transparent}.elementor-widget-text-editor:not(.elementor-drop-cap-view-default) .elementor-drop-cap{margin-top:8px}.elementor-widget-text-editor:not(.elementor-drop-cap-view-default) .elementor-drop-cap-letter{width:1em;height:1em}.elementor-widget-text-editor .elementor-drop-cap{float:left;text-align:center;line-height:1;font-size:50px}.elementor-widget-text-editor .elementor-drop-cap-letter{display:inline-block}<\/style>\t\t\t\t<h4>Desde el \u00e1rea de Planificaci\u00f3n y Proyectos se coordina, programa, controla y eval\u00faa la\u00a0 ejecuci\u00f3n de\u00a0 proyectos relacionados con\u00a0 la planificaci\u00f3n operativa del Consejo de Seguridad Ciudadana<\/h4><p><strong>Estructura Interna<\/strong><\/p><p>Personal que conforma la coordinaci\u00f3n:<\/p><p>Coordinador de Planificaci\u00f3n y Proyectos, quien de forma muy sucinta, tiene a su cargo las siguientes responsabilidades:<\/p><ul><li>Planificar, coordinar y supervisar la realizaci\u00f3n de Planes Operativos Anuales \u2013POA-, planes plurianuales, presupuesto institucional y dem\u00e1s programas y proyectos de todas las \u00e1reas del consejo de seguridad, evaluando el resultado de los mismos.<\/li><li>Elaborar el Plan Anual de Contrataci\u00f3n \u2013PAC- y certificar que los programas, proyectos y actividades consten en el Plan Operativo Anual y el PAC.<\/li><li>Coordinar los contenidos de las distintas rendiciones de cuentas que establezca la normativa vigente, los contenidos de la Ley Org\u00e1nica de Transparencia y Acceso a la Informaci\u00f3n P\u00fablica \u2013LOTAIP-.<\/li><li>Administrar el Portal de Compras P\u00fablicas.<\/li><li>Elaboraci\u00f3n del Plan Estrat\u00e9gico Institucional, as\u00ed como la actualizaci\u00f3n del Cuadro de Mando Integral \u2013CMI- del mismo.<\/li><li>Mantener actualizada la informaci\u00f3n respecto a los proyectos e indicadores mediante la plataforma inform\u00e1tica del GAD Municipal SIPOA.<\/li><li>Elaboraci\u00f3n, seguimiento y evaluaci\u00f3n del Plan Cantonal de Seguridad y Convivencia Ciudadana.<\/li><\/ul>\t\t\t\t\t\t<\/div>\n\t\t\t\t<\/div>\n\t\t\t\t<div class=\"elementor-element elementor-element-5f796d79 elementor-widget-divider--view-line elementor-widget elementor-widget-divider\" data-id=\"5f796d79\" data-element_type=\"widget\" data-settings=\"{&quot;ekit_we_effect_on&quot;:&quot;none&quot;}\" data-widget_type=\"divider.default\">\n\t\t\t\t<div class=\"elementor-widget-container\">\n\t\t\t<style>\/*! elementor - v3.21.0 - 26-05-2024 *\/\n.elementor-widget-divider{--divider-border-style:none;--divider-border-width:1px;--divider-color:#0c0d0e;--divider-icon-size:20px;--divider-element-spacing:10px;--divider-pattern-height:24px;--divider-pattern-size:20px;--divider-pattern-url:none;--divider-pattern-repeat:repeat-x}.elementor-widget-divider .elementor-divider{display:flex}.elementor-widget-divider .elementor-divider__text{font-size:15px;line-height:1;max-width:95%}.elementor-widget-divider .elementor-divider__element{margin:0 var(--divider-element-spacing);flex-shrink:0}.elementor-widget-divider .elementor-icon{font-size:var(--divider-icon-size)}.elementor-widget-divider .elementor-divider-separator{display:flex;margin:0;direction:ltr}.elementor-widget-divider--view-line_icon .elementor-divider-separator,.elementor-widget-divider--view-line_text .elementor-divider-separator{align-items:center}.elementor-widget-divider--view-line_icon .elementor-divider-separator:after,.elementor-widget-divider--view-line_icon .elementor-divider-separator:before,.elementor-widget-divider--view-line_text .elementor-divider-separator:after,.elementor-widget-divider--view-line_text .elementor-divider-separator:before{display:block;content:\"\";border-block-end:0;flex-grow:1;border-block-start:var(--divider-border-width) var(--divider-border-style) var(--divider-color)}.elementor-widget-divider--element-align-left .elementor-divider .elementor-divider-separator>.elementor-divider__svg:first-of-type{flex-grow:0;flex-shrink:100}.elementor-widget-divider--element-align-left .elementor-divider-separator:before{content:none}.elementor-widget-divider--element-align-left .elementor-divider__element{margin-left:0}.elementor-widget-divider--element-align-right .elementor-divider .elementor-divider-separator>.elementor-divider__svg:last-of-type{flex-grow:0;flex-shrink:100}.elementor-widget-divider--element-align-right .elementor-divider-separator:after{content:none}.elementor-widget-divider--element-align-right .elementor-divider__element{margin-right:0}.elementor-widget-divider--element-align-start .elementor-divider .elementor-divider-separator>.elementor-divider__svg:first-of-type{flex-grow:0;flex-shrink:100}.elementor-widget-divider--element-align-start .elementor-divider-separator:before{content:none}.elementor-widget-divider--element-align-start .elementor-divider__element{margin-inline-start:0}.elementor-widget-divider--element-align-end .elementor-divider .elementor-divider-separator>.elementor-divider__svg:last-of-type{flex-grow:0;flex-shrink:100}.elementor-widget-divider--element-align-end .elementor-divider-separator:after{content:none}.elementor-widget-divider--element-align-end .elementor-divider__element{margin-inline-end:0}.elementor-widget-divider:not(.elementor-widget-divider--view-line_text):not(.elementor-widget-divider--view-line_icon) .elementor-divider-separator{border-block-start:var(--divider-border-width) var(--divider-border-style) var(--divider-color)}.elementor-widget-divider--separator-type-pattern{--divider-border-style:none}.elementor-widget-divider--separator-type-pattern.elementor-widget-divider--view-line .elementor-divider-separator,.elementor-widget-divider--separator-type-pattern:not(.elementor-widget-divider--view-line) .elementor-divider-separator:after,.elementor-widget-divider--separator-type-pattern:not(.elementor-widget-divider--view-line) .elementor-divider-separator:before,.elementor-widget-divider--separator-type-pattern:not([class*=elementor-widget-divider--view]) .elementor-divider-separator{width:100%;min-height:var(--divider-pattern-height);-webkit-mask-size:var(--divider-pattern-size) 100%;mask-size:var(--divider-pattern-size) 100%;-webkit-mask-repeat:var(--divider-pattern-repeat);mask-repeat:var(--divider-pattern-repeat);background-color:var(--divider-color);-webkit-mask-image:var(--divider-pattern-url);mask-image:var(--divider-pattern-url)}.elementor-widget-divider--no-spacing{--divider-pattern-size:auto}.elementor-widget-divider--bg-round{--divider-pattern-repeat:round}.rtl .elementor-widget-divider .elementor-divider__text{direction:rtl}.e-con-inner>.elementor-widget-divider,.e-con>.elementor-widget-divider{width:var(--container-widget-width,100%);--flex-grow:var(--container-widget-flex-grow)}<\/style>\t\t<div class=\"elementor-divider\">\n\t\t\t<span class=\"elementor-divider-separator\">\n\t\t\t\t\t\t<\/span>\n\t\t<\/div>\n\t\t\t\t<\/div>\n\t\t\t\t<\/div>\n\t\t\t\t\t<\/div>\n\t\t<\/div>\n\t\t\t\t\t<\/div>\n\t\t<\/section>\n\t\t\t\t<section class=\"elementor-section elementor-top-section elementor-element elementor-element-754d1f99 elementor-section-boxed elementor-section-height-default elementor-section-height-default\" data-id=\"754d1f99\" data-element_type=\"section\" id=\"PROYE\">\n\t\t\t\t\t\t<div class=\"elementor-container elementor-column-gap-default\">\n\t\t\t\t\t<div class=\"elementor-column elementor-col-100 elementor-top-column elementor-element elementor-element-2628fc16\" data-id=\"2628fc16\" data-element_type=\"column\">\n\t\t\t<div class=\"elementor-widget-wrap elementor-element-populated\">\n\t\t\t\t\t\t<div class=\"elementor-element elementor-element-5d168dab elementor-widget elementor-widget-heading\" data-id=\"5d168dab\" data-element_type=\"widget\" data-settings=\"{&quot;ekit_we_effect_on&quot;:&quot;none&quot;}\" data-widget_type=\"heading.default\">\n\t\t\t\t<div class=\"elementor-widget-container\">\n\t\t\t<h2 class=\"elementor-heading-title elementor-size-default\">PROYECTOS <\/h2>\t\t<\/div>\n\t\t\t\t<\/div>\n\t\t\t\t<div class=\"elementor-element elementor-element-1c8e3d6 elementor-widget elementor-widget-text-editor\" data-id=\"1c8e3d6\" data-element_type=\"widget\" data-settings=\"{&quot;ekit_we_effect_on&quot;:&quot;none&quot;}\" data-widget_type=\"text-editor.default\">\n\t\t\t\t<div class=\"elementor-widget-container\">\n\t\t\t\t\t\t\t<table><tbody><tr><td width=\"130\"><p><strong>PROYECTO<\/strong><\/p><\/td><td width=\"606\"><p>1.\u00a0\u00a0\u00a0\u00a0\u00a0 Plan Integral de Seguridad y Convivencia Ciudadana del cant\u00f3n Cuenca<\/p><\/td><\/tr><tr><td width=\"130\"><p><strong>OBJETIVO<\/strong><\/p><\/td><td width=\"606\"><p>El objetivo general del PISCC es mejorar las condiciones de seguridad y convivencia del cant\u00f3n, a trav\u00e9s de la coordinaci\u00f3n interinstitucional, con planes, programas, proyectos y actividades enfocados en la prevenci\u00f3n y reducci\u00f3n de los delitos, contravenciones, violencias y eventos peligrosos que afectan a los ciudadanos.<\/p><\/td><\/tr><tr><td width=\"130\"><p><strong>DESCRIPCI\u00d3N<\/strong><\/p><\/td><td width=\"606\"><p>El plan de Seguridad y Convivencia Ciudadana del cant\u00f3n Cuenca es el resultado de un trabajo interinstitucional, con la participaci\u00f3n de la sociedad civil, y que fue articulado por el Consejo de Seguridad Ciudadana (CSC), teniendo como temas principales la seguridad integral y convivencia ciudadana. El documento est\u00e1 proyectado para los a\u00f1os 2020 \u2013 2023, y se basa en la coordinaci\u00f3n para el seguimiento y ejecuci\u00f3n por parte de las instituciones encargadas de la seguridad y socorro del cant\u00f3n, motivando adem\u00e1s a la ciudadan\u00eda el ser corresponsables en materia de seguridad y convivencia ciudadana.<\/p><\/td><\/tr><\/tbody><\/table>\t\t\t\t\t\t<\/div>\n\t\t\t\t<\/div>\n\t\t\t\t<div class=\"elementor-element elementor-element-6476ce55 elementor-widget-divider--view-line elementor-widget elementor-widget-divider\" data-id=\"6476ce55\" data-element_type=\"widget\" data-settings=\"{&quot;ekit_we_effect_on&quot;:&quot;none&quot;}\" data-widget_type=\"divider.default\">\n\t\t\t\t<div class=\"elementor-widget-container\">\n\t\t\t\t\t<div class=\"elementor-divider\">\n\t\t\t<span class=\"elementor-divider-separator\">\n\t\t\t\t\t\t<\/span>\n\t\t<\/div>\n\t\t\t\t<\/div>\n\t\t\t\t<\/div>\n\t\t\t\t\t<\/div>\n\t\t<\/div>\n\t\t\t\t\t<\/div>\n\t\t<\/section>\n\t\t\t\t<section class=\"elementor-section elementor-top-section elementor-element elementor-element-40842e46 elementor-section-boxed elementor-section-height-default elementor-section-height-default\" data-id=\"40842e46\" data-element_type=\"section\" id=\"ACTI\">\n\t\t\t\t\t\t<div class=\"elementor-container elementor-column-gap-default\">\n\t\t\t\t\t<div class=\"elementor-column elementor-col-100 elementor-top-column elementor-element elementor-element-b35dc35\" data-id=\"b35dc35\" data-element_type=\"column\">\n\t\t\t<div class=\"elementor-widget-wrap elementor-element-populated\">\n\t\t\t\t\t\t<div class=\"elementor-element elementor-element-67e6caa1 elementor-widget elementor-widget-heading\" data-id=\"67e6caa1\" data-element_type=\"widget\" data-settings=\"{&quot;ekit_we_effect_on&quot;:&quot;none&quot;}\" data-widget_type=\"heading.default\">\n\t\t\t\t<div class=\"elementor-widget-container\">\n\t\t\t<h2 class=\"elementor-heading-title elementor-size-default\">ACTIVIDADES<\/h2>\t\t<\/div>\n\t\t\t\t<\/div>\n\t\t\t\t<div class=\"elementor-element elementor-element-19b576b2 elementor-widget elementor-widget-text-editor\" data-id=\"19b576b2\" data-element_type=\"widget\" data-settings=\"{&quot;ekit_we_effect_on&quot;:&quot;none&quot;}\" data-widget_type=\"text-editor.default\">\n\t\t\t\t<div class=\"elementor-widget-container\">\n\t\t\t\t\t\t\t<table><tbody><tr><td width=\"141\"><p><strong>NOMBRE DE LA ACTIVIDAD<\/strong><\/p><\/td><td width=\"594\"><p><b>1.1 Modelo de gesti\u00f3n del Plan Integral de Seguridad y Convivencia Ciudadana del cant\u00f3n Cuenca, 2020-2023<\/b><\/p><\/td><\/tr><tr><td width=\"141\"><p><strong>OBJETIVO<\/strong><\/p><\/td><td width=\"594\"><p>Por medio del seguimiento y la evaluaci\u00f3n se puede revisar el progreso, identificar problemas en la planificaci\u00f3n y\/o en la puesta en pr\u00e1ctica, as\u00ed como hacer ajustes; todo aquello con la finalidad de generar un cambio.<\/p><\/td><\/tr><tr><td width=\"141\"><p><strong>DESCRIPCI\u00d3N<\/strong><\/p><\/td><td width=\"594\"><p>El seguimiento consiste en el an\u00e1lisis y recopilaci\u00f3n sistem\u00e1ticos de informaci\u00f3n a medida que avanza la ejecuci\u00f3n del PISCC, con la finalidad de mejorar su eficacia y efectividad, basado en metas establecidas y actividades planificadas.<\/p><p>Ayuda a que se siga una l\u00ednea de trabajo, y, adem\u00e1s, permite conocer cuando algo no est\u00e1 funcionando. Es un procedimiento fundamental para una buena ejecuci\u00f3n del Plan y proporciona la informaci\u00f3n base para la evaluaci\u00f3n.<\/p><\/td><\/tr><\/tbody><\/table><p><a href=\"http:\/\/csc.gob.ec\/CSCWeb\/wp-content\/uploads\/2020\/06\/Plan-de-Seguridad-y-Convivencia-Ciudadana-2020-2023-completo.pdf\" target=\"_blank\" rel=\"noopener\">DESCARGAR : Plan de Seguridad y Convivencia Ciudadana 2020<\/a><\/p><table><tbody><tr><td colspan=\"2\" width=\"736\"><hr \/><\/td><\/tr><tr><td width=\"200\"><p><strong>NOMBRE DE LA ACTIVIDAD<\/strong><\/p><\/td><td width=\"535\"><p><b>1.2 GU\u00cdA METODOL\u00d3GICA PARA LA ELABORACI\u00d3N DE PLANES PARROQUIALES DE SEGURIDAD<\/b><\/p><\/td><\/tr><tr><td width=\"200\"><p><strong>OBJETIVOS<\/strong><\/p><\/td><td width=\"535\"><p>1. Facilitar el entendimiento conceptual del proceso de planeaci\u00f3n en temas de seguridad local.<\/p><p>2. Establecer los procedimientos metodol\u00f3gicos principales para la formulaci\u00f3n de estrategias focalizadas en las problem\u00e1ticas latentes de seguridad.<\/p><p>3. Brindar acompa\u00f1amiento t\u00e9cnico a los GAD\u2019s parroquiales en la elaboraci\u00f3n de sus planes de seguridad y convivencia ciudadana, desde las realidades de sus territorios.\u00a0<\/p><\/td><\/tr><tr><td width=\"200\"><p><strong>DESCRIPCI\u00d3N<\/strong><\/p><\/td><td width=\"535\"><p>En base a la experiencia adquirida en la construcci\u00f3n del Plan de Seguridad y Convivencia Ciudadana cantonal, con la concurrencia de diversos actores y grupos ciudadanos, se elabor\u00f3 la Gu\u00eda Metodol\u00f3gica para elaborar planes parroquiales rurales de seguridad y convivencia ciudadana.<\/p><p>Su objetivo es\u00a0 brindar herramientas de planificaci\u00f3n estrat\u00e9gica a los GADs parroquiales rurales, para la elaboraci\u00f3n de sus planes de seguridad y convivencia ciudadana, desde la realidad de cada territorio.\u00a0<\/p><p>Al no existir actualmente material contextualizado a la realidad local, con respecto a la planeaci\u00f3n en seguridad y convivencia ciudadana, se propone esta gu\u00eda metodol\u00f3gica que presenta esquemas de f\u00e1cil lectura y aplicaci\u00f3n, permitiendo seguir paso a paso el proceso de elaboraci\u00f3n.<\/p><p>Est\u00e1 dirigida al equipo t\u00e9cnico de cada una de las 21 juntas parroquiales del \u00e1rea rural del cant\u00f3n Cuenca, quienes ser\u00e1n los promotores del proceso de formulaci\u00f3n del plan de seguridad y convivencia, desde la participaci\u00f3n ciudadana e institucional, de una manera ordenada y articulada.<\/p><\/td><\/tr><\/tbody><\/table><p><a href=\"http:\/\/csc.gob.ec\/CSCWeb\/wp-content\/uploads\/2020\/06\/Guia-Metodologica-para-elaborar-Planes-Rurales-de-Seguridad.pdf\" target=\"_blank\" rel=\"noopener\">DESCARGAR : Gu\u00eda Metodol\u00f3gica para elaborar planes en parroquias rurales<\/a><\/p>\t\t\t\t\t\t<\/div>\n\t\t\t\t<\/div>\n\t\t\t\t\t<\/div>\n\t\t<\/div>\n\t\t\t\t\t<\/div>\n\t\t<\/section>\n\t\t\t\t<\/div>\n\t\t","protected":false},"excerpt":{"rendered":"<p>PLANIFICACI\u00d3N LA CORDINACI\u00d3N PROYECTOS ACTIVIDADES LA CORDINACI\u00d3N Desde el \u00e1rea de Planificaci\u00f3n y Proyectos se coordina, programa, controla y eval\u00faa la\u00a0 ejecuci\u00f3n de\u00a0 proyectos relacionados con\u00a0 la planificaci\u00f3n operativa del Consejo de Seguridad Ciudadana Estructura Interna Personal que conforma la coordinaci\u00f3n: Coordinador de Planificaci\u00f3n y Proyectos, quien de forma muy sucinta, tiene a su cargo &hellip;<\/p>\n<p class=\"read-more\"> <a class=\"\" href=\"https:\/\/csc.gob.ec\/WEB\/planificacion\/\"> <span class=\"screen-reader-text\">Planificaci\u00f3n<\/span> Leer m\u00e1s &raquo;<\/a><\/p>\n","protected":false},"author":1,"featured_media":0,"parent":0,"menu_order":0,"comment_status":"closed","ping_status":"closed","template":"","meta":{"site-sidebar-layout":"no-sidebar","site-content-layout":"page-builder","ast-main-header-display":"","ast-hfb-above-header-display":"","ast-hfb-below-header-display":"","ast-hfb-mobile-header-display":"","site-post-title":"disabled","ast-breadcrumbs-content":"","ast-featured-img":"disabled","footer-sml-layout":"","theme-transparent-header-meta":"","adv-header-id-meta":"","stick-header-meta":"","header-above-stick-meta":"","header-main-stick-meta":"","header-below-stick-meta":"","footnotes":""},"class_list":["post-450","page","type-page","status-publish","hentry"],"_links":{"self":[{"href":"https:\/\/csc.gob.ec\/WEB\/wp-json\/wp\/v2\/pages\/450","targetHints":{"allow":["GET"]}}],"collection":[{"href":"https:\/\/csc.gob.ec\/WEB\/wp-json\/wp\/v2\/pages"}],"about":[{"href":"https:\/\/csc.gob.ec\/WEB\/wp-json\/wp\/v2\/types\/page"}],"author":[{"embeddable":true,"href":"https:\/\/csc.gob.ec\/WEB\/wp-json\/wp\/v2\/users\/1"}],"replies":[{"embeddable":true,"href":"https:\/\/csc.gob.ec\/WEB\/wp-json\/wp\/v2\/comments?post=450"}],"version-history":[{"count":0,"href":"https:\/\/csc.gob.ec\/WEB\/wp-json\/wp\/v2\/pages\/450\/revisions"}],"wp:attachment":[{"href":"https:\/\/csc.gob.ec\/WEB\/wp-json\/wp\/v2\/media?parent=450"}],"curies":[{"name":"wp","href":"https:\/\/api.w.org\/{rel}","templated":true}]}}