{"id":5966,"date":"2025-12-12T12:10:51","date_gmt":"2025-12-12T17:10:51","guid":{"rendered":"https:\/\/csc.gob.ec\/WEB\/?page_id=5966"},"modified":"2025-12-12T12:21:19","modified_gmt":"2025-12-12T17:21:19","slug":"5966-2","status":"publish","type":"page","link":"https:\/\/csc.gob.ec\/WEB\/5966-2\/","title":{"rendered":"invitaci\u00f3n"},"content":{"rendered":"\t\t<div data-elementor-type=\"wp-page\" data-elementor-id=\"5966\" class=\"elementor elementor-5966\">\n\t\t\t\t\t\t<section class=\"elementor-section elementor-top-section elementor-element elementor-element-160199a elementor-section-boxed elementor-section-height-default elementor-section-height-default\" data-id=\"160199a\" data-element_type=\"section\">\n\t\t\t\t\t\t<div class=\"elementor-container elementor-column-gap-default\">\n\t\t\t\t\t<div class=\"elementor-column elementor-col-100 elementor-top-column elementor-element elementor-element-2bc1089\" data-id=\"2bc1089\" data-element_type=\"column\">\n\t\t\t<div class=\"elementor-widget-wrap elementor-element-populated\">\n\t\t\t\t\t\t<div class=\"elementor-element elementor-element-d975808 elementor-widget elementor-widget-image\" data-id=\"d975808\" data-element_type=\"widget\" data-settings=\"{&quot;ekit_we_effect_on&quot;:&quot;none&quot;}\" data-widget_type=\"image.default\">\n\t\t\t\t<div class=\"elementor-widget-container\">\n\t\t\t<style>\/*! elementor - v3.21.0 - 26-05-2024 *\/\n.elementor-widget-image{text-align:center}.elementor-widget-image a{display:inline-block}.elementor-widget-image a img[src$=\".svg\"]{width:48px}.elementor-widget-image img{vertical-align:middle;display:inline-block}<\/style>\t\t\t\t\t\t\t\t\t\t<img fetchpriority=\"high\" decoding=\"async\" width=\"1024\" height=\"576\" src=\"https:\/\/csc.gob.ec\/WEB\/wp-content\/uploads\/2023\/09\/ARRENDAMIENTO-1024x576.png\" class=\"attachment-large size-large wp-image-5963\" alt=\"\" srcset=\"https:\/\/csc.gob.ec\/WEB\/wp-content\/uploads\/2023\/09\/ARRENDAMIENTO-1024x576.png 1024w, https:\/\/csc.gob.ec\/WEB\/wp-content\/uploads\/2023\/09\/ARRENDAMIENTO-300x169.png 300w, https:\/\/csc.gob.ec\/WEB\/wp-content\/uploads\/2023\/09\/ARRENDAMIENTO-768x432.png 768w, https:\/\/csc.gob.ec\/WEB\/wp-content\/uploads\/2023\/09\/ARRENDAMIENTO-1536x864.png 1536w, https:\/\/csc.gob.ec\/WEB\/wp-content\/uploads\/2023\/09\/ARRENDAMIENTO-2048x1151.png 2048w\" sizes=\"(max-width: 1024px) 100vw, 1024px\" \/>\t\t\t\t\t\t\t\t\t\t\t\t\t<\/div>\n\t\t\t\t<\/div>\n\t\t\t\t\t<\/div>\n\t\t<\/div>\n\t\t\t\t\t<\/div>\n\t\t<\/section>\n\t\t\t\t<section class=\"elementor-section elementor-top-section elementor-element elementor-element-60222225 elementor-section-boxed elementor-section-height-default elementor-section-height-default\" data-id=\"60222225\" data-element_type=\"section\">\n\t\t\t\t\t\t<div class=\"elementor-container elementor-column-gap-default\">\n\t\t\t\t\t<div class=\"elementor-column elementor-col-100 elementor-top-column elementor-element elementor-element-96f99eb\" data-id=\"96f99eb\" data-element_type=\"column\">\n\t\t\t<div class=\"elementor-widget-wrap elementor-element-populated\">\n\t\t\t\t\t\t<div class=\"elementor-element elementor-element-79af01fb elementor-widget elementor-widget-text-editor\" data-id=\"79af01fb\" data-element_type=\"widget\" data-settings=\"{&quot;ekit_we_effect_on&quot;:&quot;none&quot;}\" data-widget_type=\"text-editor.default\">\n\t\t\t\t<div class=\"elementor-widget-container\">\n\t\t\t<style>\/*! elementor - v3.21.0 - 26-05-2024 *\/\n.elementor-widget-text-editor.elementor-drop-cap-view-stacked .elementor-drop-cap{background-color:#69727d;color:#fff}.elementor-widget-text-editor.elementor-drop-cap-view-framed .elementor-drop-cap{color:#69727d;border:3px solid;background-color:transparent}.elementor-widget-text-editor:not(.elementor-drop-cap-view-default) .elementor-drop-cap{margin-top:8px}.elementor-widget-text-editor:not(.elementor-drop-cap-view-default) .elementor-drop-cap-letter{width:1em;height:1em}.elementor-widget-text-editor .elementor-drop-cap{float:left;text-align:center;line-height:1;font-size:50px}.elementor-widget-text-editor .elementor-drop-cap-letter{display:inline-block}<\/style>\t\t\t\t<p class=\"has-text-align-center\"><strong>&nbsp;<\/strong><\/p>\n<p class=\"has-text-align-center\"><strong>SECCI\u00d3N I<\/strong><\/p>\n<p><!-- \/wp:paragraph --><!-- wp:paragraph {\"align\":\"center\"} --><\/p>\n<p class=\"has-text-align-center\"><strong>INVITACI\u00d3N<\/strong><\/p>\n<p><!-- \/wp:paragraph --><!-- wp:paragraph --><\/p>\n<p>Habi\u00e9ndose el Consejo de Seguridad Ciudadana del Cant\u00f3n Cuenca acogido al procedimiento Especial de Arrendamiento conforme se desprende de la Resoluci\u00f3n motivada No. CSC-DE-067-2025 de 12 de diciembre de 2025 suscrita por mag\u00edster Telmo Xavier Barrera Vidal, Director Ejecutivo, se invita a los interesados a en participar en el presente procedimiento, para que presenten su oferta t\u00e9cnica y econ\u00f3mica para la \u201cContrataci\u00f3n de Arriendo de un local para el funcionamiento del archivo general institucional y oficinas para el Consejo de Seguridad Ciudadana del Cant\u00f3n Cuenca\u201d.<\/p>\n<p><!-- \/wp:paragraph --><!-- wp:paragraph --><\/p>\n<p>El presupuesto referencial es de USD 28.800,00 (VEINTE Y OCHO MIL OCHOCIENTOS CON 00\/100 DOLARES DE LOS ESTADOS UNIDOS DE AM\u00c9RICA) m\u00e1s el IVA.<\/p>\n<p><!-- \/wp:paragraph --><!-- wp:paragraph --><\/p>\n<p>El plazo estimado para cumplir con el objeto de la contrataci\u00f3n es de 730 d\u00edas, contado a partir del del d\u00eda siguiente de la suscripci\u00f3n del contrato.<\/p>\n<p><!-- \/wp:paragraph --><!-- wp:paragraph --><\/p>\n<p>Las condiciones generales de esta convocatoria son las siguientes:<\/p>\n<p><!-- \/wp:paragraph --><!-- wp:paragraph --><\/p>\n<p>1.- Los pagos del contrato se realizar\u00e1n con cargo a los fondos provenientes del \u00edtem presupuestario No. 530502 \u201cEdificios Locales y Residencias, Parqueaderos, Casilleros Judiciales y Bancarios (Arrendamiento)\u201d, de acuerdo con la certificaci\u00f3n presupuestaria No. 196 y plurianual No. 019 de 04 y 05 de diciembre de 2025, suscritas por la Coordinadora Administrativa Financiera (E).<\/p>\n<p><!-- \/wp:paragraph --><!-- wp:paragraph --><\/p>\n<p>La forma de pago ser\u00e1 mensual, dentro de los 10 primeros d\u00edas de cada mes previo a la presentaci\u00f3n de la factura correspondiente, el pago de los servicios b\u00e1sicos estar\u00e1 a cargo del Consejo de Seguridad Ciudadana del Cant\u00f3n Cuenca una vez que el arrendatario realice el pago y presente el documento pertinente en donde se indique que se encuentra cancelado el valor y se reembolsar\u00e1 el mismo al arrendatario, adem\u00e1s el pago se realizar\u00e1 por anticipado al mes de uso de las instalaciones.<\/p>\n<p><!-- \/wp:paragraph --><!-- wp:paragraph --><\/p>\n<p>2.- El pliego est\u00e1 disponible, sin ning\u00fan costo, en el portal&nbsp;<a href=\"https:\/\/www.compraspublicas.gob.ec\/ProcesoContratacion\/compras\/PC\/informacionProcesoContratacion2.cpe?idSoliCompra=tuwJhMfhaeHVwHIkc9Dod99ifYbpZYjQ5jHpoGjS0KM,\" target=\"_blank\">www.compraspublicas.gob.ec<\/a>, de conformidad con lo previsto en la Ley Org\u00e1nica del Sistema Nacional de Contrataci\u00f3n P\u00fablica \u201cLOSNCP\u201d.<\/p>\n<p><!-- \/wp:paragraph --><!-- wp:paragraph --><\/p>\n<p>3.- Se llevar\u00e1 a cabo una audiencia de preguntas y aclaraciones, en la fecha y hora se\u00f1alada en el cronograma del proceso.<\/p>\n<p><!-- \/wp:paragraph --><!-- wp:paragraph --><\/p>\n<p>4.- La oferta t\u00e9cnica se remitir\u00e1 a los siguientes correos:&nbsp;lilibethfernandez@csccue.gob.ec; franklinminchala@csccue.gob.ec<\/p>\n<p><!-- \/wp:paragraph --><!-- wp:paragraph --><\/p>\n<p>5.- El procedimiento se ce\u00f1ir\u00e1 a las disposiciones de la LOSNCP, su Reglamento General, las resoluciones del SERCOP y el presente pliego.<\/p>\n<p><!-- \/wp:paragraph --><!-- wp:paragraph --><\/p>\n<p>6.- El Consejo de Seguridad Ciudadana del Cant\u00f3n Cuenca se reserva el derecho de cancelar o declarar desierto el procedimiento de contrataci\u00f3n, situaci\u00f3n en la que no habr\u00e1 lugar a pago de indemnizaci\u00f3n alguna.<\/p>\n<p><!-- \/wp:paragraph --><!-- wp:paragraph --><\/p>\n<p>Cuenca, 12 de diciembre de 2025.<\/p>\n<p><!-- \/wp:paragraph --><!-- wp:paragraph --><\/p>\n<p><strong>Mgtr. Telmo Xavier Barrera Vidal<\/strong><\/p>\n<p><!-- \/wp:paragraph --><!-- wp:paragraph --><\/p>\n<p><strong>DIRECTOR EJECUTIVO<\/strong><\/p>\n<p><!-- \/wp:paragraph --><!-- wp:paragraph --><\/p>\n<p><strong>CONSEJO DE SEGURIDAD CIUDADANA DEL CANT\u00d3N CUENCA<\/strong><\/p>\n<p><!-- \/wp:paragraph --><\/p>\t\t\t\t\t\t<\/div>\n\t\t\t\t<\/div>\n\t\t\t\t\t<\/div>\n\t\t<\/div>\n\t\t\t\t\t<\/div>\n\t\t<\/section>\n\t\t\t\t<\/div>\n\t\t","protected":false},"excerpt":{"rendered":"<p>&nbsp; SECCI\u00d3N I INVITACI\u00d3N Habi\u00e9ndose el Consejo de Seguridad Ciudadana del Cant\u00f3n Cuenca acogido al procedimiento Especial de Arrendamiento conforme se desprende de la Resoluci\u00f3n motivada No. CSC-DE-067-2025 de 12 de diciembre de 2025 suscrita por mag\u00edster Telmo Xavier Barrera Vidal, Director Ejecutivo, se invita a los interesados a en participar en el presente procedimiento, &hellip;<\/p>\n<p class=\"read-more\"> <a class=\"\" href=\"https:\/\/csc.gob.ec\/WEB\/5966-2\/\"> <span class=\"screen-reader-text\">invitaci\u00f3n<\/span> Leer m\u00e1s &raquo;<\/a><\/p>\n","protected":false},"author":1,"featured_media":0,"parent":0,"menu_order":0,"comment_status":"closed","ping_status":"closed","template":"","meta":{"site-sidebar-layout":"default","site-content-layout":"default","ast-main-header-display":"","ast-hfb-above-header-display":"","ast-hfb-below-header-display":"","ast-hfb-mobile-header-display":"","site-post-title":"","ast-breadcrumbs-content":"","ast-featured-img":"","footer-sml-layout":"","theme-transparent-header-meta":"","adv-header-id-meta":"","stick-header-meta":"","header-above-stick-meta":"","header-main-stick-meta":"","header-below-stick-meta":"","footnotes":""},"class_list":["post-5966","page","type-page","status-publish","hentry"],"_links":{"self":[{"href":"https:\/\/csc.gob.ec\/WEB\/wp-json\/wp\/v2\/pages\/5966","targetHints":{"allow":["GET"]}}],"collection":[{"href":"https:\/\/csc.gob.ec\/WEB\/wp-json\/wp\/v2\/pages"}],"about":[{"href":"https:\/\/csc.gob.ec\/WEB\/wp-json\/wp\/v2\/types\/page"}],"author":[{"embeddable":true,"href":"https:\/\/csc.gob.ec\/WEB\/wp-json\/wp\/v2\/users\/1"}],"replies":[{"embeddable":true,"href":"https:\/\/csc.gob.ec\/WEB\/wp-json\/wp\/v2\/comments?post=5966"}],"version-history":[{"count":0,"href":"https:\/\/csc.gob.ec\/WEB\/wp-json\/wp\/v2\/pages\/5966\/revisions"}],"wp:attachment":[{"href":"https:\/\/csc.gob.ec\/WEB\/wp-json\/wp\/v2\/media?parent=5966"}],"curies":[{"name":"wp","href":"https:\/\/api.w.org\/{rel}","templated":true}]}}